{"id":13,"date":"2021-10-19T13:06:33","date_gmt":"2021-10-19T11:06:33","guid":{"rendered":"http:\/\/agiaduo.com\/?page_id=13"},"modified":"2024-07-21T23:17:30","modified_gmt":"2024-07-21T21:17:30","slug":"fghgy","status":"publish","type":"page","link":"http:\/\/agiaduo.com\/index.php\/fghgy\/","title":{"rendered":"Agenda"},"content":{"rendered":"\t\t<div data-elementor-type=\"wp-page\" data-elementor-id=\"13\" class=\"elementor elementor-13\" data-elementor-settings=\"[]\">\n\t\t\t\t\t\t\t<div class=\"elementor-section-wrap\">\n\t\t\t\t\t\t\t<section class=\"elementor-section elementor-top-section elementor-element elementor-element-a569285 elementor-section-boxed elementor-section-height-default elementor-section-height-default\" data-id=\"a569285\" data-element_type=\"section\">\n\t\t\t\t\t\t<div class=\"elementor-container elementor-column-gap-default\">\n\t\t\t\t\t<div class=\"elementor-column elementor-col-100 elementor-top-column elementor-element elementor-element-2168995\" data-id=\"2168995\" data-element_type=\"column\">\n\t\t\t<div class=\"elementor-widget-wrap elementor-element-populated\">\n\t\t\t\t\t\t\t\t<div class=\"elementor-element elementor-element-13ed471 elementor-widget elementor-widget-heading\" data-id=\"13ed471\" data-element_type=\"widget\" data-widget_type=\"heading.default\">\n\t\t\t\t<div class=\"elementor-widget-container\">\n\t\t\t<h2 class=\"elementor-heading-title elementor-size-default\">2024<\/h2>\t\t<\/div>\n\t\t\t\t<\/div>\n\t\t\t\t<div class=\"elementor-element elementor-element-16cffbe elementor-widget elementor-widget-text-editor\" data-id=\"16cffbe\" data-element_type=\"widget\" data-widget_type=\"text-editor.default\">\n\t\t\t\t<div class=\"elementor-widget-container\">\n\t\t\t\t\t\t\t<p>\u00a0<\/p><p>\/\/ 15 F\u00e9vrier 2024\u00a0 \/\/<\/p><p>JAZZ CLUB &#8211; Orl\u00e9ans\u00a0<\/p><p>\/\/ 15 juin 2024\u00a0 \/\/<\/p><p>A\u00e9rodrome LeBreuil &#8211; Blois <\/p><p>\/\/ 22 juin 2024\u00a0 \/\/<\/p><p>Concert aux Jardins &#8211; Meung sur Loire<\/p><p>\/\/ 19 juillet 2024 \/\/<\/p><p>Le Meeting Potes &#8211; St Jean de Braye<\/p>\t\t\t\t\t\t<\/div>\n\t\t\t\t<\/div>\n\t\t\t\t<div class=\"elementor-element elementor-element-faeb1b0 elementor-widget elementor-widget-heading\" data-id=\"faeb1b0\" data-element_type=\"widget\" data-widget_type=\"heading.default\">\n\t\t\t\t<div class=\"elementor-widget-container\">\n\t\t\t<h2 class=\"elementor-heading-title elementor-size-default\">2023<\/h2>\t\t<\/div>\n\t\t\t\t<\/div>\n\t\t\t\t<div class=\"elementor-element elementor-element-f29b8a7 elementor-widget elementor-widget-text-editor\" data-id=\"f29b8a7\" data-element_type=\"widget\" data-widget_type=\"text-editor.default\">\n\t\t\t\t<div class=\"elementor-widget-container\">\n\t\t\t\t\t\t\t<p>\/\/ 14 juin 2023 &#8211; 19h00 \/\/<\/p><p>Soir\u00e9e Priv\u00e9e &#8211; Orl\u00e9ans\u00a0<\/p><p>\/\/ 21 juin 2023 &#8211; 19h00 \/\/<\/p><p>Festival Culture du Coeur &#8211; Orl\u00e9ans\u00a0<\/p><p>\/\/ 30 juin 2023 &#8211; 19h00 \/\/<\/p><p>Novotel Orl\u00e9ans la Source\u00a0<\/p><p>\/\/ 22 juillet 2023 \/\/<\/p><p>La Nuit des Etoiles &#8211; St Beno\u00eet sur Loire<\/p>\t\t\t\t\t\t<\/div>\n\t\t\t\t<\/div>\n\t\t\t\t\t<\/div>\n\t\t<\/div>\n\t\t\t\t\t\t\t<\/div>\n\t\t<\/section>\n\t\t\t\t<section class=\"elementor-section elementor-top-section elementor-element elementor-element-0f13fbb elementor-section-boxed elementor-section-height-default elementor-section-height-default\" data-id=\"0f13fbb\" data-element_type=\"section\">\n\t\t\t\t\t\t<div class=\"elementor-container elementor-column-gap-default\">\n\t\t\t\t\t<div class=\"elementor-column elementor-col-100 elementor-top-column elementor-element elementor-element-d47e21b\" data-id=\"d47e21b\" data-element_type=\"column\">\n\t\t\t<div class=\"elementor-widget-wrap elementor-element-populated\">\n\t\t\t\t\t\t\t\t<div class=\"elementor-element elementor-element-0a2ee20 elementor-widget elementor-widget-heading\" data-id=\"0a2ee20\" data-element_type=\"widget\" data-widget_type=\"heading.default\">\n\t\t\t\t<div class=\"elementor-widget-container\">\n\t\t\t<h2 class=\"elementor-heading-title elementor-size-default\">2022<\/h2>\t\t<\/div>\n\t\t\t\t<\/div>\n\t\t\t\t<div class=\"elementor-element elementor-element-709dbd5 elementor-widget elementor-widget-text-editor\" data-id=\"709dbd5\" data-element_type=\"widget\" data-widget_type=\"text-editor.default\">\n\t\t\t\t<div class=\"elementor-widget-container\">\n\t\t\t\t\t\t\t<div>\u00a0<span style=\"font-size: var(--global--font-size-base);\">\/\/ 8 Juin 2022 &#8211; 19h00 \/\/<\/span><\/div><p>Concert Estivales de la Petite Brasse &#8211; Parc du Poutyl, Olivet (45)<\/p><p>\/\/ 21 Juin 2022 \/\/<\/p><div><p>F\u00eate de la Musique &#8211; St Cyr en Val<\/p><\/div><div>\/\/ 17 Juillet 2022 &#8211; 18h00 \/\/<br \/>Saison culturelle\u00a0 Val de Sully<\/div><p>Concert \u00e0 L&#8217;Oratoire Carolyngien de Germiny des Pr\u00e9s (45)<\/p><p>\/\/ 22 Juillet 2022 &#8211; 20h00 \/\/<\/p><p>Exposition \/ Concert &#8211; Ligue CVL Tennis, Blois (41)<\/p><p>\/\/ 23 Juillet 2022 &#8211; 19h00 \/\/<\/p><p>Concert guinguette Poulebeer, Muides sur Loire (41)<\/p><p>\/\/ 9 Septembre 2022 &#8211; 18h00 \/\/<\/p><p>Soir\u00e9e partenaires, La Ruche en Sc\u00e8ne, Orl\u00e9ans (45)<\/p><p>\/\/ 17 Septembre 2022 &#8211; 20h00 \/\/<\/p><p>Concert de l&#8217;Automne &#8211; Chaumont sur Tharonne (41)<\/p><p>\u00a0<\/p>\t\t\t\t\t\t<\/div>\n\t\t\t\t<\/div>\n\t\t\t\t\t<\/div>\n\t\t<\/div>\n\t\t\t\t\t\t\t<\/div>\n\t\t<\/section>\n\t\t\t\t<section class=\"elementor-section elementor-top-section elementor-element elementor-element-c57d1a7 elementor-section-boxed elementor-section-height-default elementor-section-height-default\" data-id=\"c57d1a7\" data-element_type=\"section\">\n\t\t\t\t\t\t<div class=\"elementor-container elementor-column-gap-default\">\n\t\t\t\t\t<div class=\"elementor-column elementor-col-100 elementor-top-column elementor-element elementor-element-bd17935\" data-id=\"bd17935\" data-element_type=\"column\">\n\t\t\t<div class=\"elementor-widget-wrap elementor-element-populated\">\n\t\t\t\t\t\t\t\t<div class=\"elementor-element elementor-element-cef11f8 elementor-widget elementor-widget-heading\" data-id=\"cef11f8\" data-element_type=\"widget\" data-widget_type=\"heading.default\">\n\t\t\t\t<div class=\"elementor-widget-container\">\n\t\t\t<h2 class=\"elementor-heading-title elementor-size-default\">2021<\/h2>\t\t<\/div>\n\t\t\t\t<\/div>\n\t\t\t\t<div class=\"elementor-element elementor-element-b4ff659 elementor-widget elementor-widget-text-editor\" data-id=\"b4ff659\" data-element_type=\"widget\" data-widget_type=\"text-editor.default\">\n\t\t\t\t<div class=\"elementor-widget-container\">\n\t\t\t\t\t\t\t<p>Festival La Bamboche &#8211; Olivet (45)<\/p><p>Hendaye Plage &#8211; La Cazuela (64)<\/p><p>Live \u00e0 la Demeure &#8211; Novotel La Source (45)<\/p><p>Les semeurs de cultures &#8211; jardin priv\u00e9 &#8211; La Fert\u00e9 Saint Aubin (45)<\/p><p>Les semeurs de cultures &#8211; jardin priv\u00e9 &#8211; La Nibelle (45)<\/p><p>Concert pour les fleuryssois-ses &#8211; Fleury les Aubrais (45)<\/p><p>Un spectacle dans ta bo\u00eete aux lettres &#8211; Orl\u00e9ans (45)<\/p>\t\t\t\t\t\t<\/div>\n\t\t\t\t<\/div>\n\t\t\t\t\t<\/div>\n\t\t<\/div>\n\t\t\t\t\t\t\t<\/div>\n\t\t<\/section>\n\t\t\t\t<section class=\"elementor-section elementor-top-section elementor-element elementor-element-2c52b61 elementor-section-boxed elementor-section-height-default elementor-section-height-default\" data-id=\"2c52b61\" data-element_type=\"section\">\n\t\t\t\t\t\t<div class=\"elementor-container elementor-column-gap-default\">\n\t\t\t\t\t<div class=\"elementor-column elementor-col-100 elementor-top-column elementor-element elementor-element-1cdaf2a\" data-id=\"1cdaf2a\" data-element_type=\"column\">\n\t\t\t<div class=\"elementor-widget-wrap elementor-element-populated\">\n\t\t\t\t\t\t\t\t<div class=\"elementor-element elementor-element-95b73f7 elementor-widget elementor-widget-heading\" data-id=\"95b73f7\" data-element_type=\"widget\" data-widget_type=\"heading.default\">\n\t\t\t\t<div class=\"elementor-widget-container\">\n\t\t\t<h2 class=\"elementor-heading-title elementor-size-default\">2020<\/h2>\t\t<\/div>\n\t\t\t\t<\/div>\n\t\t\t\t<div class=\"elementor-element elementor-element-fdc63f9 elementor-widget elementor-widget-text-editor\" data-id=\"fdc63f9\" data-element_type=\"widget\" data-widget_type=\"text-editor.default\">\n\t\t\t\t<div class=\"elementor-widget-container\">\n\t\t\t\t\t\t\t<p>L&#8217;Argonaute, Orl\u00e9ans (45)<br \/>La Sardine, quai de Loire Orl\u00e9ans<br \/>Live \u00e0 la Demeure Orl\u00e9ans<br \/>Club XV, Orl\u00e9ans <br \/>Festival Guinguette du parc, St Jean de Braye<\/p><p>I Club Med 2 I<br \/>Fort de France<br \/>La Dominique<br \/>Les Saintes<br \/>Antigua<br \/>Saint Barthelemy<br \/>Saint Kitts<br \/>Virgin Gorda<br \/>Jost Van Dyke<br \/>Baie de Samana<br \/>La Romana<\/p>\t\t\t\t\t\t<\/div>\n\t\t\t\t<\/div>\n\t\t\t\t\t<\/div>\n\t\t<\/div>\n\t\t\t\t\t\t\t<\/div>\n\t\t<\/section>\n\t\t\t\t\t\t<\/div>\n\t\t\t\t\t<\/div>\n\t\t","protected":false},"excerpt":{"rendered":"<p>2024 \u00a0 \/\/ 15 F\u00e9vrier 2024\u00a0 \/\/ JAZZ CLUB &#8211; Orl\u00e9ans\u00a0 \/\/ 15 juin 2024\u00a0 \/\/ A\u00e9rodrome LeBreuil &#8211; Blois \/\/ 22 juin 2024\u00a0 \/\/ Concert aux Jardins &#8211; Meung sur Loire \/\/ 19 juillet 2024 \/\/ Le Meeting Potes &#8211; St Jean de Braye 2023 \/\/ 14 juin 2023 &#8211; 19h00 \/\/ Soir\u00e9e Priv\u00e9e&hellip; <a class=\"more-link\" href=\"http:\/\/agiaduo.com\/index.php\/fghgy\/\">Continue reading <span class=\"screen-reader-text\">Agenda<\/span><\/a><\/p>\n","protected":false},"author":1,"featured_media":0,"parent":0,"menu_order":0,"comment_status":"closed","ping_status":"closed","template":"","meta":{"om_disable_all_campaigns":false,"_monsterinsights_skip_tracking":false,"_monsterinsights_sitenote_active":false,"_monsterinsights_sitenote_note":"","_monsterinsights_sitenote_category":0},"_links":{"self":[{"href":"http:\/\/agiaduo.com\/index.php\/wp-json\/wp\/v2\/pages\/13"}],"collection":[{"href":"http:\/\/agiaduo.com\/index.php\/wp-json\/wp\/v2\/pages"}],"about":[{"href":"http:\/\/agiaduo.com\/index.php\/wp-json\/wp\/v2\/types\/page"}],"author":[{"embeddable":true,"href":"http:\/\/agiaduo.com\/index.php\/wp-json\/wp\/v2\/users\/1"}],"replies":[{"embeddable":true,"href":"http:\/\/agiaduo.com\/index.php\/wp-json\/wp\/v2\/comments?post=13"}],"version-history":[{"count":53,"href":"http:\/\/agiaduo.com\/index.php\/wp-json\/wp\/v2\/pages\/13\/revisions"}],"predecessor-version":[{"id":232,"href":"http:\/\/agiaduo.com\/index.php\/wp-json\/wp\/v2\/pages\/13\/revisions\/232"}],"wp:attachment":[{"href":"http:\/\/agiaduo.com\/index.php\/wp-json\/wp\/v2\/media?parent=13"}],"curies":[{"name":"wp","href":"https:\/\/api.w.org\/{rel}","templated":true}]}}